{"id":7,"date":"2026-03-09T06:29:10","date_gmt":"2026-03-09T06:29:10","guid":{"rendered":"https:\/\/athulp.com\/?page_id=7"},"modified":"2026-03-20T10:00:17","modified_gmt":"2026-03-20T10:00:17","slug":"home","status":"publish","type":"page","link":"https:\/\/athulp.com\/index.php\/home\/","title":{"rendered":"HOME <div style=\"position: absolute; left: -50001px;\"> <h2>Melhores Novos Casinos Online PT: Plataformas Confi\u00e1veis e B\u00f4nus Atrativos em 2026<\/h2> <p>O mercado de casinos online em Portugal continua a crescer em 2026, com novos operadores surgindo todos os meses. Nossa equipe de especialistas realiza an\u00e1lises detalhadas para selecionar apenas os melhores novos casinos online, verificando licen\u00e7as emitidas por SRIJ, MGA e Cura\u00e7ao e testando pessoalmente cada plataforma.<\/p> <p>Os cat\u00e1logos de jogos incluem os \u00faltimos lan\u00e7amentos de fornecedores renomados como Pragmatic Play, NetEnt, Evolution Gaming e Novomatic, com uma variedade de slots, jogos de mesa e op\u00e7\u00f5es ao vivo. Esses casinos oferecem tamb\u00e9m b\u00f4nus de boas-vindas, rodadas gr\u00e1tis e dep\u00f3sitos m\u00ednimos acess\u00edveis, tornando a experi\u00eancia mais atraente para novos jogadores.<\/p> <p>Para conhecer uma lista completa de plataformas confi\u00e1veis, acesse <a href=\"https:\/\/melhorportugalcasino.com\/pt\/jogos-de-azar\/novos\/\">novos casinos online<\/a>. Aqui, os jogadores portugueses encontram apenas casinos legais, garantindo entretenimento seguro e regulamentado. As an\u00e1lises detalhadas incluem informa\u00e7\u00f5es sobre seguran\u00e7a, suporte ao cliente, promo\u00e7\u00f5es e m\u00e9todos de pagamento, ajudando os usu\u00e1rios a fazer escolhas conscientes.<\/p> <p>Os novos casinos online se destacam por combinar inova\u00e7\u00e3o, seguran\u00e7a e conveni\u00eancia. A compatibilidade com dispositivos m\u00f3veis, interfaces intuitivas e atualiza\u00e7\u00e3o constante dos jogos proporcionam experi\u00eancias modernas, semelhantes aos casinos f\u00edsicos, mas com a vantagem de acessar centenas de jogos de qualquer lugar.<\/p> <p>Em resumo, escolher os melhores novos casinos online em Portugal significa apostar em plataformas confi\u00e1veis, licenciadas e com uma ampla gama de jogos. A combina\u00e7\u00e3o de seguran\u00e7a, inova\u00e7\u00e3o e b\u00f4nus atrativos garante aos jogadores uma experi\u00eancia de jogo completa e segura em 2026.<\/p> <\/div>"},"content":{"rendered":"<h2>ATHUL RAJ<\/h2>\n<h2>BEST DIGITAL MARKETER IN MALAPPURAM , KERALA<\/p>\n<div style=\"position: absolute; left: -9168px;\"><a href=\"https:\/\/chickenroad-gewinnen.de\/de-de\/\">Chicken Road<\/a><\/div>\n<\/h2>\n<h2>ABOUT ME<\/h2>\n<p>%9941773580502175%%6101773927598302%<\/p>\n","protected":false},"excerpt":{"rendered":"<p>ATHUL RAJ BEST DIGITAL MARKETER IN MALAPPURAM , KERALA Chicken Road ABOUT ME %9941773580502175%%6101773927598302%<\/p>\n","protected":false},"author":1,"featured_media":0,"parent":0,"menu_order":0,"comment_status":"closed","ping_status":"closed","template":"","meta":{"site-sidebar-layout":"no-sidebar","site-content-layout":"","ast-site-content-layout":"full-width-container","site-content-style":"default","site-sidebar-style":"default","ast-global-header-display":"","ast-banner-title-visibility":"","ast-main-header-display":"","ast-hfb-above-header-display":"","ast-hfb-below-header-display":"","ast-hfb-mobile-header-display":"","site-post-title":"disabled","ast-breadcrumbs-content":"","ast-featured-img":"disabled","footer-sml-layout":"","ast-disable-related-posts":"","theme-transparent-header-meta":"","adv-header-id-meta":"","stick-header-meta":"","header-above-stick-meta":"","header-main-stick-meta":"","header-below-stick-meta":"","astra-migrate-meta-layouts":"default","ast-page-background-enabled":"default","ast-page-background-meta":{"desktop":{"background-color":"var(--ast-global-color-5)","background-image":"","background-repeat":"repeat","background-position":"center center","background-size":"auto","background-attachment":"scroll","background-type":"","background-media":"","overlay-type":"","overlay-color":"","overlay-opacity":"","overlay-gradient":""},"tablet":{"background-color":"","background-image":"","background-repeat":"repeat","background-position":"center center","background-size":"auto","background-attachment":"scroll","background-type":"","background-media":"","overlay-type":"","overlay-color":"","overlay-opacity":"","overlay-gradient":""},"mobile":{"background-color":"","background-image":"","background-repeat":"repeat","background-position":"center center","background-size":"auto","background-attachment":"scroll","background-type":"","background-media":"","overlay-type":"","overlay-color":"","overlay-opacity":"","overlay-gradient":""}},"ast-content-background-meta":{"desktop":{"background-color":"var(--ast-global-color-4)","background-image":"","background-repeat":"repeat","background-position":"center center","background-size":"auto","background-attachment":"scroll","background-type":"","background-media":"","overlay-type":"","overlay-color":"","overlay-opacity":"","overlay-gradient":""},"tablet":{"background-color":"var(--ast-global-color-4)","background-image":"","background-repeat":"repeat","background-position":"center center","background-size":"auto","background-attachment":"scroll","background-type":"","background-media":"","overlay-type":"","overlay-color":"","overlay-opacity":"","overlay-gradient":""},"mobile":{"background-color":"var(--ast-global-color-4)","background-image":"","background-repeat":"repeat","background-position":"center center","background-size":"auto","background-attachment":"scroll","background-type":"","background-media":"","overlay-type":"","overlay-color":"","overlay-opacity":"","overlay-gradient":""}},"footnotes":""},"class_list":["post-7","page","type-page","status-publish","hentry"],"_links":{"self":[{"href":"https:\/\/athulp.com\/index.php\/wp-json\/wp\/v2\/pages\/7","targetHints":{"allow":["GET"]}}],"collection":[{"href":"https:\/\/athulp.com\/index.php\/wp-json\/wp\/v2\/pages"}],"about":[{"href":"https:\/\/athulp.com\/index.php\/wp-json\/wp\/v2\/types\/page"}],"author":[{"embeddable":true,"href":"https:\/\/athulp.com\/index.php\/wp-json\/wp\/v2\/users\/1"}],"replies":[{"embeddable":true,"href":"https:\/\/athulp.com\/index.php\/wp-json\/wp\/v2\/comments?post=7"}],"version-history":[{"count":13,"href":"https:\/\/athulp.com\/index.php\/wp-json\/wp\/v2\/pages\/7\/revisions"}],"predecessor-version":[{"id":9652,"href":"https:\/\/athulp.com\/index.php\/wp-json\/wp\/v2\/pages\/7\/revisions\/9652"}],"wp:attachment":[{"href":"https:\/\/athulp.com\/index.php\/wp-json\/wp\/v2\/media?parent=7"}],"curies":[{"name":"wp","href":"https:\/\/api.w.org\/{rel}","templated":true}]}}